 3*w**2 + 17*w + 26. What is the units digit of u(-13)?
2
Suppose -4*i + 3*g + 189 = -146, i - 100 = 4*g. What is the units digit of i?
0
Suppose -3*v + 4*v - 84 = 0. What is the tens digit of v?
8
Suppose -4 = -5*j - 2*h + 17, 3*h = j + 6. Suppose -16 = j*a - 2*o, 2*a + o = 6*o - 29. Let l(f) = f**2 - f - 1. What is the units digit of l(a)?
5
Suppose -k - 14 = -0*k + 5*z, 4*k - 5*z - 19 = 0. What is the units digit of k - (-11 - -1)/2?
6
Suppose 9 + 36 = 5*f. Let m = -8 + f. Suppose 3*a + m = 28. What is the units digit of a?
9
Suppose 2*v + 2 = 0, 0*j = 4*j - 4*v - 28. What is the units digit of j?
6
Let r(b) = -b - 3*b**3 + b**3 + 7*b**2 + 6*b + 3*b**3 - 7. What is the tens digit of r(-5)?
1
Let p(s) be the first derivative of s**2/2 - 2*s - 2. Let o be p(6). Suppose -q + 4 = 3*u, 4*q + 2 = 2*u + o. What is the units digit of q?
1
Let w(f) = -f**2 - f + 39. Let c(u) = u**2 + 3*u - 4. Let h be c(-4). What is the tens digit of w(h)?
3
What is the units digit of (-117)/(-13) - -4*1?
3
Suppose 5*m + 5*x + 374 - 1154 = 0, -5*x = -20. What is the hundreds digit of m?
1
Let l be (-28)/4 + 4 - -3. What is the tens digit of (l - 4/6)*-48?
3
Let u = 2 + 0. Suppose -2*h + 0 = -u. What is the units digit of h?
1
What is the tens digit of 1/((-5)/330*-2)?
3
Suppose 0 = 5*v - 8*v. Let m(k) = k + 1. Let z(c) = -7*c - 9. Let j(l) = -6*m(l) - z(l). What is the units digit of j(v)?
3
Let i(t) = t**3 + 25*t**2 - 31*t - 31. What is the tens digit of i(-26)?
9
Let j = 229 - 100. What is the units digit of j?
9
Let x(z) = 3*z + 1. Let n be x(-1). What is the units digit of n*1/(-3)*21?
4
Let p = -2 + 7. Let c(m) = m + 7. What is the units digit of c(p)?
2
Let o(s) be the first derivative of s**3/3 - 13*s + 8. What is the units digit of o(-6)?
3
Suppose -5*f = -4*v - 10, -3*v + 7*v = 0. Suppose -2*i - f*i + 20 = 0. What is the units digit of i?
5
What is the units digit of ((-7)/3)/(15/(-45))?
7
Let p(s) be the third derivative of 1/5*s**5 + 0 + 0*s + 0*s**4 + 1/6*s**3 + 4*s**2. What is the tens digit of p(1)?
1
Let n(x) = 0*x**3 - 5*x**3 + 3*x**2 + 4*x**3 + x**2 - 3*x. What is the units digit of n(2)?
2
Suppose 28 = -2*l - 3*y, 8 + 0 = -3*l + 4*y. Let p(z) = z - 14. Let d be p(8). What is the units digit of ((-3)/(-2))/(d/l)?
2
Let q(a) = -a**2 + 14*a + 4. Let g be q(14). Suppose g*l - 2*l - 54 = 0. What is the units digit of l?
7
Let i = 8 + -2. Suppose -21 = 5*m - i*m. What is the tens digit of m?
2
Suppose -3*k - 3 = -5*j + 3, -j = -3*k - 6. Suppose -m - 2*m - 3 = j. Let q(c) = -3*c**3. What is the units digit of q(m)?
3
Let t = -23 + 54. What is the units digit of t?
1
Let z(w) = 2*w**3 + 2*w**2 - 3*w - 3. Let d be z(-2). Let h = -1 - d. What is the units digit of h?
4
Suppose 0 = -3*c + 5*c - p - 13, -3*c = p - 12. Suppose 0 = m - c*m + 20. Suppose u = 2*b - b - 2, m*b - 19 = -4*u. What is the units digit of u?
1
Suppose 0 = -3*f - f - w + 4, -5 = -5*f + 3*w. Suppose -5*c = -29 - f. What is the units digit of c?
6
Suppose -3*q + 2*o = -154, 253 - 41 = 4*q - 4*o. Suppose 7*a = -3*a. Suppose 2*k = -4*p + q, a*p + 44 = 3*k - p. What is the units digit of k?
6
Suppose -l = -5, 0*l + 170 = 5*p + l. Suppose 2*k + 31 = -p. What is the units digit of k/(-18) + 4/18?
2
Suppose -g = -2*g + 2. What is the units digit of -3 + (g - 0) - -11?
0
Suppose -2*t = t - 84. What is the tens digit of t?
2
Let c = 1 + 1. Let u(v) = v**2 - v - 3. Let i be u(3). Suppose 11 = -c*z - 5*y, 0 = -3*z - 3*y - i. What is the units digit of z?
2
Let v = 62 + -58. Suppose 3*g = -3*w + 15, 22 = 4*g + 3*w - 3. Suppose z + 5*m = 8, 0 = -2*z + z - v*m + g. What is the units digit of z?
8
Suppose 3*t + 33 + 21 = 0. What is the units digit of 3/(-2)*132/t?
1
Suppose -3 = -a - 0. Let v(o) = -4*o**2 + 0*o**2 + 5*o**2 - a*o + 2 + 0*o**2. What is the units digit of v(6)?
0
Let n = 118 + 31. What is the tens digit of n?
4
Suppose 2*t = -4*p + 248, -p + 19 + 37 = 2*t. What is the tens digit of p?
6
Let p(z) = -3*z + 52. What is the hundreds digit of p(-16)?
1
Suppose -5*t = -15, 25 = -3*s + s - 5*t. Let f = s - -21. What is the units digit of f?
1
Let r = 3 + 1. Suppose -p - 18 = -r*p. What is the units digit of p?
6
Suppose -18*r + 14*r = -1468. What is the hundreds digit of r?
3
Let k(o) = -o**2 - 10*o - 4. Let g be k(-5). Let c = g + -11. What is the tens digit of c?
1
Let n be (-350)/(-45) + (-2)/(-9). Suppose 4*s - 4*z - n = 0, -s - 13 = -z + 5*z. What is the tens digit of (-14)/(((-1)/s)/(-1))?
1
What is the hundreds digit of (-2)/7 - (3228/(-28) - -2)?
1
Let j be ((-4)/1 + -1)/(-1). Suppose 5*u + 255 = j*a, -3*a + 239 = 2*a - u. What is the tens digit of a?
4
Let r(o) = 18*o**2 + 1. Let m be r(1). Suppose -4*h - 85 = -3*p - 0*p, h = -p + m. What is the tens digit of p?
2
Suppose -m + 4 = -2. What is the units digit of (-1044)/(-27) + (-4)/m?
8
Let p = -53 - -74. What is the units digit of p?
1
Let a(y) be the third derivative of 5/24*y**4 - 1/3*y**3 + 0*y + 0 + 2*y**2. What is the units digit of a(2)?
8
Suppose -105 = -18*p + 13*p. Let b = p - -27. What is the units digit of b?
8
Let o(f) = f + 9. Let b be o(-9). Suppose h + h - 58 = b. What is the units digit of h?
9
Let j(h) = 3*h**2 - h. Let l(p) = -p**3 - 9*p**2 - p - 7. Let n be l(-9). What is the units digit of j(n)?
0
Suppose -3*q + 4*q - 5 = 0. Suppose 5 + q = -2*x. What is the units digit of ((-2)/6)/(x/15)?
1
Let p = 7 + -5. Suppose h = -p*h + 36. What is the units digit of h?
2
Let a(d) be the second derivative of -d**6/360 + d**5/120 + d**4/12 + 2*d. Let w(y) be the third derivative of a(y). What is the units digit of w(-4)?
9
Let x(y) = y**3 + 10*y**2 + 9*y + 3. Let o(z) be the first derivative of -z**3 + z**2/2 + z + 1. Let m be o(2). What is the units digit of x(m)?
3
Let i be (-73 + 20)/(1/1). Let h = -24 - i. What is the tens digit of h?
2
Suppose -6*y + 30 = -96. What is the tens digit of y?
2
Suppose -6 = -4*d + 26. What is the units digit of d?
8
Suppose 2*a + 3*m = -a, -3*m + 2 = a. Let i be (-9 + a + 2)*-4. What is the units digit of ((-12)/(-8))/(6/i)?
8
What is the units digit of (338/(-39))/((-4)/30)?
5
Suppose 3*o = -b - 4*b + 8, -o - 4 = -5*b. Suppose -i - 4*z + 2 = -2, 0 = z - o. What is the units digit of 0 - i - 3*-3?
9
Let g = 16 - 16. Suppose 2*m - 50 = -5*r, g = 3*r + m - 14 - 15. What is the units digit of r?
8
Suppose o - 4*o + 243 = 0. What is the tens digit of o?
8
Suppose -5*k + 10 = 0, -2*b - 5*k + 15 = -67. What is the units digit of b?
6
Let b(d) = d**3 - d - 1. Let w(f) = -5*f**3 - 3*f**2 + 6*f + 8. Let z(m) = 4*b(m) + w(m). What is the tens digit of z(-4)?
1
Suppose 0 = -0*s - 2*s - 10, 4*g = -4*s + 192. What is the units digit of g?
3
Let t(g) = g**3 - 4*g**2 + g + 4. Let l be t(4). Suppose -l*n + 3*n = -80. What is the units digit of n?
6
Let h(p) = p**2 + p - 1. Suppose -5*k - 1 = -11. Suppose -y - k*y + 6 = 0. What is the units digit of h(y)?
5
Let w be 2*(0 - (-11)/(-2)). Let c(g) = -g**3 - 12*g**2 - 13*g - 7. What is the tens digit of c(w)?
1
Let v(m) = m**2 - 2*m + 3. Let j be v(2). Suppose 0*t = j*t - 48. What is the units digit of t?
6
Suppose l + 0*d = -d + 43, 0 = -d - 5. Suppose 3*h + h - l = 0. What is the tens digit of h?
1
Let k = 11 - 25. Let m be -8 + (-2 - (-8)/6*3). What is the units digit of (k/m)/((-1)/(-3))?
7
What is the hundreds digit of (-8667)/(-36) - 1/(-4)?
2
Let m be ((-4)/(-3))/(2/(-30)). Let x = -11 - m. What is the units digit of x?
9
Suppose u - 2 + 1 = 0. What is the tens digit of 22 - (-2 - u/1)?
2
Suppose 2*k - 4*q = 5*k - 302, 0 = -2*k - 2*q + 198. What is the units digit of k?
4
What is the units digit of (0 - (-4)/(-2))/((-2)/188)?
8
What is the hundreds digit of (-3)/(-7) + (-1534)/(-14)?
1
Suppose -2 = y + y. What is the units digit of (y - -2)*(-5 - -10)?
5
Let p be (-2 - -3)*(-1 - -3). Let t = p - -11. What is the tens digit of t?
1
Let p = -1 - 9. Let z be (-1)/(-2) - 13/2. Let d = z - p. What is the units digit of d?
4
Suppose 0 = -4*j + 4*v + 36, 3*v + 2 = -10. Let t = j - 4. What is the units digit of 1 - 0 - (1 - t)?
1
Let g(q) = q**2 + 7*q + 8. Let b = -2 - 4. Let m be g(b). Let a = m - -9. What is the units digit of a?
1
Suppose -20*m + 96 = -18*m. What is the tens digit of m?
4
Suppose -3*n - 16 = -4*i, -5*n = -i - 2*i + 23. Suppose r + 8 = 5*m, 2*